 17063.
113, 151
What are the prime factors of 3883?
11, 353
List the prime factors of 476.
2, 7, 17
What are the prime factors of 6062?
2, 7, 433
List the prime factors of 477.
3, 53
List the prime factors of 53322.
2, 3, 8887
List the prime factors of 6974.
2, 11, 317
What are the prime factors of 3729?
3, 11, 113
What are the prime factors of 55159?
13, 4243
List the prime factors of 5968.
2, 373
List the prime factors of 5950.
2, 5, 7, 17
List the prime factors of 10623.
3, 3541
What are the prime factors of 1650?
2, 3, 5, 11
What are the prime factors of 3856?
2, 241
What are the prime factors of 4894?
2, 2447
List the prime factors of 2906.
2, 1453
List the prime factors of 7074.
2, 3, 131
What are the prime factors of 18858?
2, 3, 7, 449
What are the prime factors of 1365?
3, 5, 7, 13
What are the prime factors of 26993?
26993
What are the prime factors of 1575?
3, 5, 7
List the prime factors of 13358.
2, 6679
List the prime factors of 30156.
2, 3, 7, 359
List the prime factors of 80287.
80287
What are the prime factors of 376?
2, 47
List the prime factors of 115305.
3, 5, 7687
What are the prime factors of 1507?
11, 137
What are the prime factors of 88848?
2, 3, 617
What are the prime factors of 14700?
2, 3, 5, 7
What are the prime factors of 5673?
3, 31, 61
List the prime factors of 7505.
5, 19, 79
What are the prime factors of 152?
2, 19
List the prime factors of 38136.
2, 3, 7, 227
List the prime factors of 42839.
42839
List the prime factors of 8323.
7, 29, 41
What are the prime factors of 11091?
3, 3697
List the prime factors of 333.
3, 37
List the prime factors of 74.
2, 37
What are the prime factors of 237?
3, 79
List the prime factors of 11998.
2, 7, 857
What are the prime factors of 5074?
2, 43, 59
List the prime factors of 2789.
2789
What are the prime factors of 85809?
3, 28603
What are the prime factors of 637?
7, 13
What are the prime factors of 123659?
31, 3989
What are the prime factors of 15996?
2, 3, 31, 43
What are the prime factors of 11664?
2, 3
What are the prime factors of 18445?
5, 7, 17, 31
What are the prime factors of 27405?
3, 5, 7, 29
What are the prime factors of 3963?
3, 1321
What are the prime factors of 666?
2, 3, 37
List the prime factors of 1853.
17, 109
List the prime factors of 579.
3, 193
What are the prime factors of 17698?
2, 8849
What are the prime factors of 3114?
2, 3, 173
What are the prime factors of 32889?
3, 19, 577
List the prime factors of 9189.
3, 1021
List the prime factors of 1147.
31, 37
What are the prime factors of 27510?
2, 3, 5, 7, 131
List the prime factors of 34244.
2, 7, 1223
List the prime factors of 12933.
3, 479
List the prime factors of 42269.
43, 983
List the prime factors of 40136.
2, 29, 173
List the prime factors of 45493.
7, 67, 97
What are the prime factors of 540?
2, 3, 5
What are the prime factors of 6587?
7, 941
List the prime factors of 2488.
2, 311
What are the prime factors of 7152?
2, 3, 149
List the prime factors of 28601.
37, 773
What are the prime factors of 101?
101
List the prime factors of 912.
2, 3, 19
List the prime factors of 22779.
3, 2531
What are the prime factors of 1543?
1543
What are the prime factors of 644?
2, 7, 23
What are the prime factors of 184?
2, 23
List the prime factors of 1272.
2, 3, 53
List the prime factors of 12237.
3, 4079
What are the prime factors of 22737?
3, 11, 13, 53
List the prime factors of 149.
149
List the prime factors of 667.
23, 29
List the prime factors of 1176.
2, 3, 7
What are the prime factors of 1019?
1019
List the prime factors of 89146.
2, 29, 53
What are the prime factors of 1263?
3, 421
List the prime factors of 22199.
79, 281
What are the prime factors of 1357?
23, 59
What are the prime factors of 201?
3, 67
What are the prime factors of 3653?
13, 281
What are the prime factors of 3837?
3, 1279
What are the prime factors of 53181?
3, 19, 311
List the prime factors of 110506.
2, 11, 5023
What are the prime factors of 4617?
3, 19
List the prime factors of 4680.
2, 3, 5, 13
What are the prime factors of 14854?
2, 7, 1061
List the prime factors of 6993.
3, 7, 37
List the prime factors of 9993.
3, 3331
What are the prime factors of 580?
2, 5, 29
What are the prime factors of 1677?
3, 13, 43
What are the prime factors of 1003?
17, 59
What are the prime factors of 10190?
2, 5, 1019
List the prime factors of 52668.
2, 3, 7, 11, 19
What are the prime factors of 132862?
2, 66431
What are the prime factors of 1587?
3, 23
List the prime factors of 2655.
3, 5, 59
What are the prime factors of 264?
2, 3, 11
What are the prime factors of 3563?
7, 509
What are the prime factors of 1222?
2, 13, 47
What are the prime factors of 1138?
2, 569
List the prime factors of 94.
2, 47
What are the prime factors of 320?
2, 5
List the prime factors of 802.
2, 401
What are the prime factors of 795?
3, 5, 53
List the prime factors of 1530.
2, 3, 5, 17
What are the prime factors of 7088?
2, 443
List the prime factors of 5188.
2, 1297
What are the prime factors of 2123?
11, 193
List the prime factors of 1167.
3, 389
What are the prime factors of 49?
7
List the prime factors of 9473.
9473
List the prime factors of 15759.
3, 17, 103
List the prime factors of 984.
2, 3, 41
What are the prime factors of 71593?
71593
What are the prime factors of 1510?
2, 5, 151
List the prime factors of 3669.
3, 1223
List the prime factors of 5848.
2, 17, 43
List the prime factors of 575.
5, 23
List the prime factors of 2573.
31, 83
List the prime factors of 766.
2, 383
List the prime factors of 628.
2, 157
What are the prime factors of 590?
2, 5, 59
What are the prime factors of 287?
7, 41
List the prime factors of 2030.
2, 5, 7, 29
What are the prime factors of 10030?
2, 5, 17, 59
List the prime factors of 31685.
5, 6337
What are the prime factors of 453?
3, 151
What are the prime factors of 1645?
5, 7, 47
What are the prime factors of 36122?
2, 18061
What are the prime factors of 21992?
2, 2749
List the prime factors of 7519.
73, 103
List the prime factors of 2933.
7, 419
List the prime factors of 14522.
2, 53, 137
What are the prime factors of 43511?
13, 3347
List the prime factors of 690.
2, 3, 5, 23
List the prime factors of 2558.
2, 1279
What are the prime factors of 2066?
2, 1033
List the prime factors of 162197.
7, 17, 29, 47
List the prime factors of 2455.
5, 491
List the prime factors of 2955.
3, 5, 197
List the prime factors of 3613.
3613
What are the prime factors of 30951?
3, 19, 181
What are the prime factors of 6795?
3, 5, 151
What are the prime factors of 3659?
3659
What are the prime factors of 558?
2, 3, 31
What are the prime factors of 3120?
2, 3, 5, 13
What are the prime factors of 2117?
29, 73
List the prime factors of 779.
19, 41
List the prime factors of 5468.
2, 1367
What are the prime factors of 873?
3, 97
List the prime factors of 109577.
13, 8429
List the prime factors of 372.
2, 3, 31
List the prime factors of 84134.
2, 23, 31, 59
What are the prime factors of 136845?
3, 5, 3041
List the prime factors of 447.
3, 149
List the prime factors of 108272.
2, 67, 101
What are the prime factors of 90890?
2, 5, 61, 149
What are the prime factors of 7616?
2, 7, 17
What are the prime factors of 38296?
2, 4787
List the prime factors of 75066.
2, 3, 12511
List the prime factors of 1707.
3, 569
List the prime factors of 18261.
3, 2029
What are the prime factors of 2712?
2, 3, 113
What are the prime factors of 83242?
2, 41621
List the prime factors of 2177.
7, 311
List the prime factors of 5801.
5801
What are the prime factors of 20137?
13, 1549
What are the prime factors of 19925?
5, 797
List the prime factors of 718.
2, 359
What are the prime factors of 118654?
2, 41, 1447
What are the prime factors of 30398?
2, 15199
What are the prime factors of 27359?
109, 251
What are the prime factors of 28018?
2, 14009
List the prime factors of 36608.
2, 11, 13
List the prime factors of 1775.
5, 71
List the prime factors of 496.
2, 31
List the prime factors of 408.
2, 3, 17
List the prime factors of 809.
809
List the prime factors of 5362.
2, 7, 383
List the prime factors of 677.
677
List the prime factors of 50273.
50273
List the prime factors of 2412.
2, 3, 67
List the prime factors of 190945.
5, 38189
What are the prime factors of 5443?
5443
List t